Let o(a) = -4 + 4*a**2 - 5*a**2 - 5*a**2 - 6*a + 5*a**2. Let b be (10/(-6))/((-2)/18). Suppose -b = d - 2*u, -5*u = -5*d + 20 - 70. Calculate o(d).
1
Let y = 23 - 21. Suppose -y*z - 22 = 3*a + 2*z, 4*a + z + 12 = 0. Let t(n) = -n**2. Let k(o) = -2*o**3 - 8*o**2 + 2*o. Let l(u) = -k(u) + 6*t(u). What is l(a)?
-4
Let o(l) be the first derivative of l**3/3 + 3*l**2 + 6*l - 44. Let i(f) = f**2 + 5*f - 4. Let z be i(-5). Determine o(z).
-2
Let q(w) = -1. Let r(s) = -s + 1. Suppose -49*u + 53*u = -12. Let a(p) = u*q(p) + r(p). Determine a(5).
-1
Let s(i) be the first derivative of -i**2 - 51*i - 693. Give s(0).
-51
Let f(o) = -o**3 + 6*o**2 - 2*o + 2. Let q = 155 - 149. Give f(q).
-10
Let q = -100 + 104. Let m = 82 - 131. Let a be 1/q - m/28. Let r(b) = -b + 2. Calculate r(a).
0
Let r(a) = 194*a + 1561. Let m be r(-8). Let c(y) = y - 1 - 2 + 0. What is c(m)?
6
Let d(z) = -8*z**3 - 11*z**2 + 2*z - 8. Suppose 0 = 4*m + 3*y + 56, -3*y = -y + 8. Let q(j) = -3*j**3 - 4*j**2 + j - 3. Let r(h) = m*q(h) + 4*d(h). Give r(2).
3
Suppose -5*k + k = 0. Let f(j) be the first derivative of -4 - 2*j + 0*j**2 - 1/3*j**3. Calculate f(k).
-2
Let i(g) be the third derivative of g**4/6 + g**3/6 - 9*g**2. Let w(t) = t**2 + 10*t + 3. Suppose -21 = 3*u + 9. Let p be w(u). Determine i(p).
13
Let f be (-13)/(-26)*1*8. Suppose -f*y - 23 = 9. Let q(x) = -x - 6. Calculate q(y).
2
Suppose -3*b - 7*j - 6 = -4*j, -16 = 2*b + 5*j. Let c(s) = -s - b + 3*s - 2 - s. Let p(u) = u**3 + 3*u**2 - 1. Let z be p(-2). Give c(z).
-1
Let g(p) be the second derivative of p**4/12 + 7*p**3/2 - 19*p**2/2 + 4*p. Let b be g(-22). Let l(d) = -d + 3. Give l(b).
0
Let p(x) = 5 + 2 - 5*x**2 + 1248*x - 1256*x + x**3. Determine p(6).
-5
Let i(a) be the third derivative of a**5/30 - a**4/6 - 4*a**3/3 + 185*a**2. Determine i(6).
40
Let r(a) = a**2 + 10*a - 1. Suppose 2*j = 3*p - 22, -2*j + 5*j - 3*p = -30. Calculate r(j).
-17
Suppose -2*m = -4*c + 2*m - 16, 3*m = c + 6. Let l(u) be the first derivative of -2/3*u**3 - 2*u**2 + 1 + u. Determine l(c).
-5
Suppose -14 = -5*y - 4, -4*y - 9 = -q. Let v = 23 - q. Let a(z) = -z**2 + 2*z + 5. What is a(v)?
-19
Let b(w) = -w**3 - 6*w**2 - 7*w - 7. Let d(c) = -5*c. Let l be d(-3). Suppose x - 3*q - 4 = 0, 4*x - 5 - 11 = -4*q. Suppose -j + l = -x*j. What is b(j)?
3
Let i(j) be the second derivative of 5*j**4/12 + j**3/2 + j**2/2 - 75*j. Give i(-2).
15
Let f(p) = 0 + 4393*p**2 - 4392*p**2 - 2. Give f(0).
-2
Let f(l) be the second derivative of -l**4/12 - l**3/3 + 2*l**2 + 2*l - 7. Determine f(-4).
-4
Let d(a) = a**2 - 3*a + 3. Suppose 0 = -3*g - 3, -m = -97*g + 101*g - 1. Give d(m).
13
Let a(p) be the first derivative of -p**4/4 + 4*p**3/3 + p**2 - p - 345. Let c(m) = m**2 + 4*m - 7. Let n be c(-6). Give a(n).
-16
Let w be 5 + (-3)/2*2. Let z(a) = w - 3 - 6 + 5 + 9*a. Let h = 35 + -33. Determine z(h).
16
Let u(j) = -255 + 131 + j**3 - 4*j**2 + 0*j**3 + 127. Determine u(4).
3
Let r(t) = -2*t + 4*t - t. Let m = -31 + 35. Give r(m).
4
Let o be ((-6)/(-8))/(10/40). Let n(r) = 3*r**3 - 233*r**2 + 234*r**2 - 1 - 9*r**o. Let y(h) = h - 1. Let v be y(2). Calculate n(v).
-6
Suppose 16*x - 10*x = 96. Suppose x = 4*i - 8*i. Let b(y) = -2*y - 4. Calculate b(i).
4
Let u(d) = -d**3 + 13*d**2 - d + 15. Let p(k) = -k**2 - 18*k - 32. Let j be p(-15). What is u(j)?
2
Let b(v) = 8*v - 12. Suppose 19*i + 9 - 85 = 0. Calculate b(i).
20
Let h(a) = a**2 + 2*a - 4. Let k(v) = -v**2 - v + 4. Let y(w) = -6*h(w) - 7*k(w). Suppose z = 6*z. Suppose z = 5*u + 7 - 37. What is y(u)?
2
Let k(i) = -i**3 - 4*i**2 - i + 1. Let p be k(-4). Let d = 8 - 6. Let f(o) = 0*o**d + 4*o - 3 - 4 - o**2. Calculate f(p).
-12
Suppose 34*o = 22*o. Let v(y) = y**3. What is v(o)?
0
Let k(o) = -o**3 - 4*o**2 - 2*o - 4. Let j be k(-4). Let b(q) = -6*q + q + q**3 - 1 + 0*q - j*q**2. Suppose -3*r - 33 = -5*p - 48, 5*r - 25 = -3*p. Give b(r).
-1
Let d(z) be the first derivative of z**4/4 - z**3/3 + 18. Determine d(-1).
-2
Let t(w) = -3*w + 12. Let v(i) = i**2 + 27*i - 318. Let f be v(-36). What is t(f)?
-6
Let l(z) = 7*z**3 + 5*z**2 + 13*z - 16. Let n(s) = 3*s**3 + 2*s**2 + 6*s - 7. Let w(y) = -4*l(y) + 9*n(y). Give w(-2).
-3
Let a(r) = -2*r + 6. Suppose -3*z + 6 = -5*m - 0*m, -4*m + 3*z = 6. Let l be -4 + m + (-5 - -16). Determine a(l).
-8
Let n(i) = 16*i**2 - 62*i**2 + 19*i**2 + i + 14*i**2 + 18*i**2. What is n(-1)?
4
Let b be (1/(-2))/((-2)/108). Let i(l) = -b - 3*l + 11 + 15. Calculate i(-2).
5
Let w be (-1290)/301 - ((-24)/(-14) + -2). Let y(j) = -4*j**2 - j - 3. Let d(u) = 7*u**2 + 2*u + 6. Let q(c) = -3*d(c) - 5*y(c). Determine q(w).
-15
Let r be (-8)/(-12)*9/6. Suppose -r = 7*m - 36. Let l(c) = c**3 - 5*c**2 + c - 2. What is l(m)?
3
Let l(x) = -6 + 4*x + 2*x + 3*x - x**2 - 3*x. Suppose 2*n + 0*n = 8. Let z be -6 + n + 6*1. Give l(z).
2
Let i(h) = h**3 - 7*h**2 + 5*h + 7. Suppose -17*l + 43 + 59 = 0. Give i(l).
1
Let w = 12 + -9. Suppose -w*d = -1 - 5. Let k(v) = 11*v + 2*v**d - 7*v - 4 + 1. Give k(-4).
13
Let g be (6 + -1)*16/10. Suppose -u = -g + 7. Let z(d) = d**3 + d. What is z(u)?
2
Let t(j) = -3*j - 50. Let h be t(-17). Let q(k) = -k. Let l(d) = -4*d - 3. Let a(s) = h*l(s) - 3*q(s). Calculate a(0).
-3
Let x(d) = 4 - 4*d**2 + d + 3*d**2 + d. Let s be (-8 + 12)*(-29)/(-2). Let w = s - 54. Determine x(w).
-4
Let k(t) be the third derivative of -t**4/8 + t**3/2 + 256*t**2. Determine k(1).
0
Let f(s) = s - 7. Suppose 0 = -108*g + 106*g + 22. What is f(g)?
4
Let c(b) = 29*b - 56. Let u be c(17). Suppose u*o = 432*o + 65. Let d(l) = -l + 24. What is d(o)?
11
Let s(n) be the first derivative of n**3/3 + n**2 + 4*n - 1. Let t = 130 + -222. Let b = -96 - t. Give s(b).
12
Let m(s) = 10*s**2 - 3*s + 4. Let r(t) = t - 1. Let k(p) = m(p) - r(p). Give k(1).
11
Let m(k) = -128 - 121 + 2*k + 245. Calculate m(-3).
-10
Let t(m) = m + 6. Let k be (1/(-2) + 0)*-26. Let x = -10 + k. Let r = -8 + x. Determine t(r).
1
Let a(x) be the third derivative of x**5/120 - 5*x**4/24 + x**3/2 - x**2. Let q(u) be the first derivative of a(u). Calculate q(-4).
-9
Let v(y) be the third derivative of 29*y**4/24 + y**3/2 + 4*y**2 - 79*y. Give v(1).
32
Let m(i) = -i**3 - 7*i**2 + 4*i - 9. Let n be 40/(-20)*14/4. Determine m(n).
-37
Let y(m) = -3*m**3 - m**2 - 3*m - 5. Let g(f) = 13*f**3 + 2*f**2 + 12*f + 20. Let w(v) = 2*g(v) + 9*y(v). Give w(-5).
10
Let g(j) = 5*j**2 - j. Let y(w) be the first derivative of 0*w**2 + 1/4*w**4 + 3*w**3 + w + 7. Let m be y(-9). Give g(m).
4
Let z(u) = 3*u - 9. Let k be z(6). Let a(i) = i**2 + 6 - k*i + i**3 + 3*i**2 + 3*i**2 + i**2. Determine a(-9).
6
Let a(q) = 10*q - 10*q**2 - 17 - 6*q**2 + 15*q**2 + 10. Calculate a(10).
-7
Suppose -3*a = 2*a + 15. Let t(y) = -y + 13. Let h(l) = -3. Let g(u) = -5*h(u) - t(u). What is g(a)?
-1
Let c be -8*(-12)/(-8)*(-2)/12. Let z(u) = -c + 11*u + 2*u - 11*u + 1. What is z(7)?
13
Let a(r) = -r**2 - 13*r - 18. Let d = -605 + 593. Calculate a(d).
-6
Let w(f) = f**2 + 12*f + 14. Let l be w(-11). Let x(c) = -47*c + 23*c - c**l + 22*c + 2*c**3 - c**2. Calculate x(3).
12
Suppose o = 2*o - 2*u + 9, o + 2*u = 7. Let d(i) = -10*i**2 - i - 1. Give d(o).
-10
Let u(w) = 2*w + 5. Suppose 4*r - 38 = -2*g, -4*r - 3*g + 33 = -8. Let k = r + -6. Let i be 3/(0 - 1/k). Determine u(i).
-7
Let d(g) = -g**3 - 7*g**2 - 6*g + 3. Let x = 72 - 42. Suppose -4*h - x = h. What is d(h)?
3
Let l = -247 + 246. Let h(y) = 38*y**2 - y. Determine h(l).
39
Suppose -3*n + 31 + 77 = 0. Let h = n + -34. Let i(t) = -5*t + 1. Determine i(h).
-9
Let x(a) = a**2 + a + 4. Let b(y) = -2*y**2 - 2*y - 7. Let s(c) = -3*b(c) - 5*x(c). Let f = 2 + 2. Suppose 0 = -d - f*d - 10. Calculate s(d).
3
Suppose -3 = -16*t + 15*t - 3*y, t - 5*y = 19. Let g(p) = p**2 - 12*p + 21. Calculate g(t).
-6
Let y(x) be the second derivative of x**3/3 + 3*x**2/2 - 18*x - 4. Give y(-16).
-29
Suppose 3*a = 323 - 128. Let s(y) = 67*y**2 - 131*y**2 + 2*y - y**3 + a*y**2. Determine s(2).
0
Let a(r) = -r + 5. Let y be (-2)/(33/36 - 1). Suppose j = -1, -7*j - y = 2*o - 3*j. Let t be o/(-2)*(2 - 1). Give a(t).
0
Let z = -330 + 338. Let c(s) = 2*s - 2. What is c(z)?
14
Let j(c) = -39*c - 473. Let g be j(-12). Let l(v) = -v**3 - 3*v**2 + 5*v - 7. Determine l(g).
18
Let p(k) = -6*k - 5. Let l(w) = 3*w + 3. Let b = 0 + 5. Let q(t) = b*l(t) + 2*p(t). Let o(m) = -m**